8 a multiple of 43?
True
Does 9 divide 124975?
False
Is 40 a factor of 1267680?
True
Is 89 a factor of 8774819?
False
Does 286 divide 300171?
False
Is 5782745 a multiple of 168?
False
Is 19 a factor of 552739?
False
Does 50 divide 3324614?
False
Does 82 divide 52398?
True
Does 26 divide 5134?
False
Is 3612 a multiple of 12?
True
Is 5204803 a multiple of 178?
False
Is 319 a factor of 537822?
False
Does 197 divide 554358?
True
Is 457176 a multiple of 12?
True
Is 14 a factor of 2075765?
False
Is 32823089 a multiple of 13?
True
Is 446 a factor of 6399?
False
Is 1450716 a multiple of 2?
True
Is 634830 a multiple of 104?
False
Is 7227598 a multiple of 1065?
False
Is 34452 a multiple of 3?
True
Is 12 a factor of 1461816?
True
Is 7628832 a multiple of 36?
True
Does 11 divide 4884?
True
Is 3646857 a multiple of 11?
False
Is 111 a factor of 223998?
True
Is 399 a factor of 15286232?
False
Is 10 a factor of 1201136?
False
Is 7 a factor of 98517?
False
Is 251700 a multiple of 15?
True
Is 105468 a multiple of 11?
True
Is 17 a factor of 500945?
False
Is 11 a factor of 1955576?
False
Does 20 divide 12874?
False
Does 210 divide 870063?
False
Is 126660 a multiple of 3?
True
Is 562545 a multiple of 15?
True
Does 68 divide 163404?
True
Does 23 divide 81236?
True
Is 3477934 a multiple of 3?
False
Is 6 a factor of 56778?
True
Is 781 a factor of 1219922?
True
Is 147067 a multiple of 17?
True
Does 2 divide 433111?
False
Is 2572321 a multiple of 17?
True
Is 13 a factor of 80018?
False
Is 7221240 a multiple of 117?
True
Is 5297 a multiple of 49?
False
Is 11892 a multiple of 6?
True
Is 83 a factor of 192892?
True
Is 42246 a multiple of 33?
False
Is 864584 a multiple of 31?
False
Is 6 a factor of 3747066?
True
Does 14 divide 3580752?
True
Is 11 a factor of 621614?
False
Is 31 a factor of 13299031?
True
Is 20 a factor of 36031?
False
Does 79 divide 939903?
False
Is 60 a factor of 2275200?
True
Is 840749 a multiple of 41?
False
Is 36356 a multiple of 23?
False
Is 875 a factor of 4212207?
False
Does 680 divide 471920?
True
Is 688629 a multiple of 99?
False
Is 30 a factor of 334950?
True
Is 81968 a multiple of 188?
True
Does 281 divide 1811326?
True
Does 77 divide 3157276?
False
Is 2338445 a multiple of 18?
False
Is 6 a factor of 358086?
True
Is 105 a factor of 642600?
True
Is 531 a factor of 1123808?
False
Does 79 divide 75998?
True
Is 5523220 a multiple of 460?
True
Is 57289 a multiple of 13?
False
Is 4 a factor of 37721?
False
Is 1112419 even?
False
Is 7 a factor of 167374?
False
Is 2554950 a multiple of 13?
False
Is 9 a factor of 2547651?
False
Is 12226600 a multiple of 15?
False
Is 112608 a multiple of 136?
True
Is 229031 a multiple of 15?
False
Is 1206710 a multiple of 5?
True
Is 5980613 a multiple of 266?
False
Is 23 a factor of 105984?
True
Is 16160 a multiple of 3?
False
Is 697 a factor of 21720904?
False
Is 38 a factor of 1476490?
True
Is 16 a factor of 88647?
False
Does 20 divide 97200?
True
Does 130 divide 4225517?
False
Is 87 a factor of 10226763?
True
Is 8894548 a multiple of 21?
False
Is 15 a factor of 2097735?
True
Does 72 divide 2088?
True
Is 20741 even?
False
Does 22 divide 655110?
False
Is 318 a factor of 88722?
True
Does 123 divide 2093706?
True
Is 25 a factor of 156305?
False
Is 5673923 a multiple of 13?
False
Does 9 divide 488079?
True
Does 18 divide 125673?
False
Is 379 a factor of 195564?
True
Is 686399 a multiple of 18?
False
Is 3227 a multiple of 4?
False
Is 1365 a factor of 761670?
True
Is 37 a factor of 67710?
True
Is 20620 a multiple of 5?
True
Is 4 a factor of 15296?
True
Does 275 divide 253825?
True
Does 31 divide 43555?
True
Is 1781 a multiple of 4?
False
Is 211328 a multiple of 32?
True
Does 237 divide 5294343?
True
Does 7 divide 160048?
True
Is 125370 a multiple of 9?
True
Is 2187300 a multiple of 345?
True
Is 29714373 a multiple of 117?
True
Does 12 divide 3151629?
False
Does 234 divide 11552112?
True
Is 270 a factor of 451170?
True
Is 20 a factor of 30760?
True
Is 165189 a multiple of 89?
False
Is 3960619 a multiple of 21?
False
Does 2 divide 303191?
False
Is 128 a factor of 982912?
True
Is 19 a factor of 42386288?
False
Is 550 a factor of 80792?
False
Is 6 a factor of 98349?
False
Is 46 a factor of 498770?
False
Is 443989 a multiple of 287?
True
Is 322 a factor of 7830718?
True
Is 4 a factor of 5169216?
True
Is 1187087 a multiple of 171?
False
Is 179 a factor of 149278?
False
Is 3 a factor of 40896?
True
Does 19 divide 97133?
False
Is 62661 a multiple of 12?
False
Is 93746 a multiple of 4?
False
Is 44586480 a multiple of 16?
True
Is 219 a factor of 2869776?
True
Is 142 a factor of 24864?
False
Is 1624709 a multiple of 233?
True
Is 67816 a multiple of 56?
True
Is 2538 even?
True
Does 29 divide 303862?
True
Is 35397 a multiple of 7?
False
Is 20890 a multiple of 5?
True
Is 896675 a multiple of 26?
False
Does 10 divide 930971?
False
Does 487 divide 678391?
True
Is 1164582 a multiple of 1746?
True
Is 29652 a multiple of 14?
True
Does 66 divide 718410?
True
Does 3 divide 815376?
True
Is 11 a factor of 379364?
False
Is 37360 a multiple of 43?
False
Does 2 divide 342301?
False
Is 1817 a factor of 11121163?
False
Is 161 a factor of 13709955?
True
Is 458700 a multiple of 556?
True
Is 29949 a multiple of 35?
False
Is 24 a factor of 530086?
False
Is 8 a factor of 1563659?
False
Is 3478342 a multiple of 4?
False
Is 3 a factor of 485127?
True
Does 277 divide 4384278?
False
Does 8 divide 3511?
False
Does 84 divide 62328?
True
Is 413290 a multiple of 532?
False
Is 9 a factor of 137571?
False
Is 3961343 a multiple of 207?
False
Does 54 divide 148878?
True
Does 402 divide 897258?
False
Is 2 a factor of 302110?
True
Does 336 divide 1201200?
True
Is 30 a factor of 2321428?
False
Is 10085 a multiple of 8?
False
Does 8 divide 5056345?
False
Is 146777 a multiple of 13?
False
Is 191145 a multiple of 15?
True
Is 935855 a multiple of 118?
False
Does 4 divide 144408?
True
Is 302232 a multiple of 24?
True
Does 62 divide 1795689?
False
Does 30 divide 75570?
True
Is 118081 a multiple of 8?
False
Is 492 a factor of 477802?
False
Is 7190720 a multiple of 7?
False
Does 73 divide 2952416?
False
Is 89 a factor of 456926?
True
Is 21 a factor of 5257956?
False
Does 192 divide 562568?
False
Is 606918 a multiple of 62?
True
Is 14 a factor of 224434?
True
Does 6 divide 1546380?
True
Is 6 a factor of 10737?
False
Is 5 a factor of 780025?
True
Is 42 a factor of 972157?
False
Is 223356 a multiple of 26?
False
Is 1427540 a multiple of 308?
False
Is 468741 a multiple of 13?
True
Does 259 divide 1691788?
True
Is 460 a factor of 2724340?
False
Is 6 a factor of 19675?
False
Is 84 a factor of 507108?
True
Is 950453 a multiple of 5?
False
Is 12 a factor of 18239004?
True
Does 290 divide 708811?
False
Is 641991 a multiple of 92?
False
Is 120 a factor of 6551544?
False
Is 1510607 a multiple of 7?
True
Is 14 a factor of 3342732?
False
Is 17 a factor of 1987555?
True
Is 44110 a multiple of 22?
True
Is 47 a factor of 203886?
True
Is 38 a factor of 2307878?
False
Is 13252126 a multiple of 1004?
False
Is 598087 a multiple of 301?
True
Is 5653432 a multiple of 118?
False
Is 215 a factor of 127495?
True
Is 1790110 a multiple of 77?
False
Is 547 a factor of 194732?
True
Does 472 divide 3442768?
True
Is 39 a factor of 339963?
True
Is 42 a factor of 40776?
False
Is 68 a factor of 153659?
False
Is 93 a factor of 431334?
True
Does 16 divide 58410?
False
Is 335 a factor of 580111?
False
Is 410 a factor of 1815890?
True
Is 2194 a factor of 20726718?
True
Does 64 divide 2989868?
False
Is 277 a factor of 25949?
False
Does 42 divide 782330?
False
Is 53550 a multiple of 105?
True
Is 7 a factor of 5747?
True
Is 31 a factor of 4336163?
False
Is 370760 a multiple of 115?
True
Is 4918554 a multiple of 398?
False
Does 107 divide 220600?
False
Does 6 divide 83016?
True
Is 37641892 a multiple of 101?
True
Does 12 divide 94224?
True
Is 5667928 a multiple of 28?
True
Is 143820 a multiple of 255?
True
Is 90 a factor of 4072334?
False
Is 178 a factor of 267010?
False
Is 1302 a factor of 24573948?
True
Does 130 divide 194056?
False
Is 126855 a multiple of 15?
True
Is 141 a factor of 227151?
True
Is 2005656 a multiple of 772?
True
Is 195 a factor of 522861?
False
Is 10 a factor of 220350?
True
Is 58 a factor of 259